n. Suppose 0 = -z*c - 2*c + 24. List the prime factors of c.
2, 3
List the prime factors of 24/(-36) - 604/(-6).
2, 5
Let x be (1 - 0) + (-1 - -1). Let v be ((-54)/(-15))/(x/5). What are the prime factors of 2/(-9) - (-202)/v?
11
Let z be (-2 - (-1 + -1)) + -15. List the prime factors of 4/10 + (-144)/z.
2, 5
Suppose -80 = -5*h + 295. List the prime factors of h.
3, 5
Let d = 2 + 46. List the prime factors of d.
2, 3
Let q(z) = -z**3 - 9*z**2 + 17*z + 22. What are the prime factors of q(-12)?
2, 5
Let x(z) = 7*z - 1. Let l(r) = 2*r. Let f(q) = -9*l(q) + 2*x(q). Let b(y) = -y + 5. Let g be b(7). List the prime factors of f(g).
2, 3
Suppose -5 = -m + 3*c + 14, 5*m + 4*c - 19 = 0. Suppose -4*d + 29 = -m. Let t(b) = 2*b - 11. List the prime factors of t(d).
7
Let w(i) be the second derivative of i**5/20 + 5*i**4/6 - i**3/6 - 4*i**2 - 3*i. What are the prime factors of w(-10)?
2
Let s = -2 - -26. What are the prime factors of (s/9)/((-2)/(-9))?
2, 3
Suppose 490 = 5*h - 160. What are the prime factors of h?
2, 5, 13
Let o(j) = -j**3 - 4*j**2 + 5*j + 4. Suppose 13 = 2*a - 3*a. Let l = a - -8. List the prime factors of o(l).
2
Let r(i) = i**3 - i**2. What are the prime factors of r(3)?
2, 3
Suppose 0*q - 10 = -2*q. Let d(u) = -u**2 + 5*u + 6. What are the prime factors of d(q)?
2, 3
Let b(y) = -y**3 - 8*y**2 - 2*y - 12. Let j be b(-8). Suppose -q + 24 = -j*f, -5*q - 4*f - 80 = -320. What are the prime factors of q?
2, 11
Let v(y) = 6*y**3 + y**2 - 2*y + 1. Let b be v(1). Suppose -2*c + c = -3. Suppose j = c*j - b. List the prime factors of j.
3
List the prime factors of 303/5 + (-15)/25.
2, 3, 5
List the prime factors of (200/(-140))/((-1)/7).
2, 5
Let j(r) = r**3 - 5*r**2 + 2*r + 4. Let m be j(3). Let h = -13 + 28. Let i = h + m. List the prime factors of i.
7
Let h(y) = -y**3 + 6*y**2 - 4*y + 7. Let l be h(5). Suppose -f - 3*f - l = 0. What are the prime factors of f*3*4/(-3)?
2, 3
Suppose 4 + 2 = 2*c. Let u be -3*(-34)/c - 0. Let v = -21 + u. What are the prime factors of v?
13
Let t(r) = 2*r + 1. Let l be (0 - (-4)/6)*6. List the prime factors of t(l).
3
Suppose h - 6*h - 4*l - 7 = 0, 4*l = -12. List the prime factors of h*51*(-5)/(-15).
17
Suppose -4*f - 41 = 3*i, -4*i + 4 = -0*f - 2*f. Let o be (3/6)/((-2)/f). Suppose -3*t + 5 + 11 = -o*z, -4*z = -3*t + 20. What are the prime factors of t?
2
Let o = -13 - -44. List the prime factors of o.
31
Let a(j) = -2*j**2 + 9*j + 10. Let d(k) = -k**2 + k + 1. Let q(h) = a(h) - 3*d(h). Let f be q(-5). Suppose -f*c + 4*c - 32 = 0. List the prime factors of c.
2
Suppose l - 9 = -2*l. Let r(a) = -a**2 + 5*a - 3. What are the prime factors of r(l)?
3
Suppose -2*l = -4*d + 82, 75 = 5*d + 6*l - 3*l. List the prime factors of (-1 - 0) + (d - 0).
17
Suppose 3*b = -0*b + 6. Let r be -10 - -1*b*-1. Let x = 22 + r. What are the prime factors of x?
2, 5
What are the prime factors of 2/4 - (-2587)/26?
2, 5
Suppose -16*g - 440 = -21*g. List the prime factors of g.
2, 11
Let g be 28/6 - 12/18. Let n = -1 + g. List the prime factors of n/(-3) - 20/(-1).
19
Let s(p) = p**3 + 10*p**2 - 15*p - 11. Let k be s(-11). Let v = k - 14. List the prime factors of v.
19
Suppose -2002 = -6*i - i. What are the prime factors of i?
2, 11, 13
Let h(m) = m**3 - 6*m**2 + m - 4. Let a be h(6). Let f = 5 - a. What are the prime factors of f?
3
Let a(l) = l**2 - 3*l - 4. Let x be a(3). Let p = x - -26. List the prime factors of p.
2, 11
Suppose -1 = 5*d + 9. Let q = 23 + d. List the prime factors of q.
3, 7
Suppose -18 = 5*z - 7*z. Suppose z + 35 = 2*y. What are the prime factors of y?
2, 11
Let x be (1*-2)/((-3)/6). Let b = x + 5. List the prime factors of b.
3
Let g(d) = 3*d - 17. What are the prime factors of g(15)?
2, 7
Let v(d) = 4*d + 4. Let b be v(3). What are the prime factors of (b/6 + -3)*-12?
2
List the prime factors of ((-17808)/176 + 4/22)*-1.
101
Suppose 4*u - 733 = -8*q + 3*q, q = -2*u + 371. What are the prime factors of u?
11, 17
Let r = 5 + -4. List the prime factors of (-2 + (0 - -9))/r.
7
Let i = 4 + -7. Let b = i - -5. List the prime factors of -18*1*b/(-3).
2, 3
Suppose 0 = -5*r - 10, 2*r = 3*f - r - 285. List the prime factors of f.
3, 31
Suppose 0 = 2*m - 4*m - 22. Let s = m - -32. List the prime factors of s.
3, 7
Let l = 39 - 9. What are the prime factors of l?
2, 3, 5
Let i(v) = 10*v - 8. List the prime factors of i(4).
2
Let q(g) = -g**3 + 10*g**2 - 8*g - 7. Let f be q(9). Suppose 2*u - 20 - f = 0. What are the prime factors of u?
11
Let b = 4 - 7. Let r be -3*((4 - 2) + b). Suppose 2*d - 8 = r*k - 36, -30 = -4*k - d. List the prime factors of k.
2
Suppose n + 2 = 4. List the prime factors of n.
2
Let l(x) = -x - 1. Let s(i) = i**2 + 2. Let h be s(0). Let y be l(h). What are the prime factors of (8/y)/((-3)/9)?
2
Let q = 4 - -4. Let c = -2 + q. Let b = 9 - c. What are the prime factors of b?
3
List the prime factors of 2 - (-19)/1 - 0.
3, 7
Let t = -73 - -110. What are the prime factors of t?
37
Let r be 1/(-1*2/6). Let x(c) = 2*c**2 + 3*c - 3. List the prime factors of x(r).
2, 3
Let t(a) be the third derivative of 7*a**4/24 + a**2. What are the prime factors of t(1)?
7
Suppose -29 + 379 = 10*k. List the prime factors of k.
5, 7
Let q(j) = 11 + 0*j**2 - 4 - 11*j**2 + j**3. List the prime factors of q(11).
7
Let n = -8 - -3. List the prime factors of 18 + (-5)/(n/2).
2, 5
Let i(m) = -m**3 - m**2 + 4*m - 1. Let q be i(-3). Suppose -2*y - 14 = 2*p - 54, 10 = q*y. What are the prime factors of p?
2, 3
What are the prime factors of ((-4 - -2) + -1)/(6/(-724))?
2, 181
What are the prime factors of 204 + -4 + 4 + -5?
199
Suppose 0 = 2*u - 6*u + 172. List the prime factors of u.
43
Suppose d = t - 106, 7 = 3*t - 4*d - 306. What are the prime factors of t?
3, 37
Suppose 14*w - 1346 = -100. List the prime factors of w.
89
Suppose 0 = -5*v - 6 + 21. Suppose -y - c + 31 = -v*c, 4*y = 2*c + 136. List the prime factors of y.
5, 7
Suppose 2*u = 43 - 135. Let r = 70 + u. List the prime factors of r.
2, 3
Let r = 3 - -1. Suppose q = -l + 9, r*l - 2*q - 55 - 11 = 0. What are the prime factors of l?
2, 7
Let k = 74 - 44. What are the prime factors of k?
2, 3, 5
Let c(f) = -75*f + 5. List the prime factors of c(-1).
2, 5
Let p = 7 + -8. Let x(o) = -39*o**3 + o**2 + o. List the prime factors of x(p).
3, 13
Let q = 3 + 1. Suppose -q*c + 82 = -34. What are the prime factors of c?
29
Suppose h + 4*h = -v + 65, -4*h = -v + 56. Let f = v - 36. Let b = f - 14. What are the prime factors of b?
2, 5
Let d(x) = x**2 + 7*x - 3. Suppose -3*y = -2*y - 2. Let m be (-4)/(y/(5 + -1)). List the prime factors of d(m).
5
Let c(k) = 5*k**2 + 4*k + 6. List the prime factors of c(-3).
3, 13
Suppose 5*y - 2 = 18. Suppose 3*s - 3 = 3*d, 13 = 3*s + 4*d - y. Let l(m) = -m**3 + 4*m**2 - 3. List the prime factors of l(s).
2, 3
Let c(h) = 3*h**2 + 4*h + 1. Suppose -2*m + 0 = 8. What are the prime factors of c(m)?
3, 11
Let s(f) = -2*f + 67. What are the prime factors of s(0)?
67
Let f(p) = -p**3 - p**2 + p + 2. Let s(r) = -2*r + 6. Let h be s(4). What are the prime factors of f(h)?
2
Suppose 0 = 5*f + 3*f - 536. List the prime factors of f.
67
Let q = 14 - 10. What are the prime factors of q?
2
Let d(l) = 4 + l + 0*l - l**2 - 5*l. Let t be d(-6). List the prime factors of 2 - (-2 - t/(-2)).
2
Let g = 178 + -96. List the prime factors of g.
2, 41
Let w(d) be the first derivative of -d**4/2 - 2*d**3/3 + d**2/2 - 3*d + 1. Let p be w(-3). Suppose -3*f + 0*f + p = 0. What are the prime factors of f?
2, 5
Let v(a) = a**3 - a**2 - 2*a + 2. List the prime factors of v(2).
2
Let k(n) = -4*n - 7. Let i be k(-9). Suppose -3*f - 18 = -3*x, 3 = -4*x + 5*f + i. Suppose 0 = 2*s - 20 - x. List the prime factors of s.
2, 3
Suppose 3*s + 2 = 5. Let m = s - -12. What are the prime factors of m/((6 - 3)/3)?
13
Let k = 54 + -52. What are the prime factors of k?
2
Suppose -4*l = -7*l + 42. Suppose 0 = 5*p - l - 61. What are the prime factors of p?
3, 5
Suppose -2*a = 4*w - 18, 0 = -4*w - 1 + 9. Let u(v) = v - 2 + a - 2*v. What are the prime factors of u(-5)?
2
Let x be (-5)/2 + (-3)/6. Let i be 3 + -2 + -8 - x. Let q(c) = 2*c**2 + 5*c + 1. List the prime factors of q(i).
13
Let m = 58 - 29. List the prime factors of m.
29
Suppose 5*p = -2*p + 609. What are the prime factors of p?
3